{"id":203,"date":"2022-08-06T18:15:13","date_gmt":"2022-08-06T16:15:13","guid":{"rendered":"https:\/\/friedensquelle.org\/cms\/?page_id=203"},"modified":"2025-04-08T10:29:18","modified_gmt":"2025-04-08T08:29:18","slug":"energetische-heilarbeit-und-spiritualitaet","status":"publish","type":"page","link":"https:\/\/friedensquelle.org\/cms\/index.php\/energetische-heilarbeit-und-spiritualitaet\/","title":{"rendered":"Energetische Heilarbeit und Spiritualit\u00e4t"},"content":{"rendered":"\n<p>Begleiten Deines Entwicklungsprozesses durch:<\/p>\n\n\n\n<ul class=\"wp-block-list\">\n<li>Energetische Heilarbeit<\/li>\n\n\n\n<li>Blockaden l\u00f6sen<\/li>\n\n\n\n<li>St\u00e4rkung der k\u00f6rpereigenen Energie und des Energieflusses<\/li>\n\n\n\n<li>Einschwingen positiver Affirmationen<\/li>\n<\/ul>\n\n\n\n<p>Ich, Maria, biete Dir energetische Heilsitzungen an.<\/p>\n\n\n\n<p>Ich habe Heilerausbildungen bei folgenden Heilerinnen und Institutionen mit Erfolg absolviert:<\/p>\n\n\n\n<ul class=\"wp-block-list\">\n<li>bei Heilerin B\u00e4rbel Lutz in Kelkheim<\/li>\n\n\n\n<li>bei Heilerin Nives Lupas auf den Philippinen<\/li>\n\n\n\n<li>und in der Heilerschule San Esprit in Frabertsham.<\/li>\n<\/ul>\n\n\n\n<p>Bei der Heilarbeit bin ich lediglich Kanal f\u00fcr die Heil-Energien. Ich verbinde mich mit dieser Heil-Energie und lasse sie in den K\u00f6rper des Klienten flie\u00dfen. Ich bekomme alle Informationen, die f\u00fcr die Energiearbeit ben\u00f6tigt werden und lasse mich f\u00fchren. Dabei k\u00f6nnen k\u00f6rperliche und geistige Blockaden gel\u00f6st werden und es kann Heilung geschehen.<\/p>\n\n\n\n<p>Zu einer solchen Behandlung geh\u00f6rt auch das gute und ausf\u00fchrliche Gespr\u00e4ch. Der Klient erkennt dabei, warum sein K\u00f6rper aus der Balance ist und welche M\u00f6glichkeiten ihm geboten werden, sein Leben und seine Gesundheit in Zukunft neu zu gestalten.<\/p>\n\n\n\n<p>Der Beitrag f\u00fcr eine Sitzung betr\u00e4gt Euro 80,&#8211; incl. Gespr\u00e4ch.<br>Wer wirklich kein Geld hat, den erforderlichen Beitrag zu leisten und Hilfe braucht, kann mich diesbez\u00fcglich telefonisch kontaktieren. Wir werden einen Weg finden, das Finanzielle auf eine andere Art zu l\u00f6sen.<\/p>\n\n\n\n<p>Geistiges Heilen ist keine Anwendung im \u00e4rztlichen- oder physiotherapeutischen Sinne, sondern ein rein spiritueller Vorgang. Ich bin weder Arzt noch Heilpraktiker und ich gebe keine Heilversprechen. Eine Heilung durch die spirituelle Kraft des Geistes ersetzt keine \u00e4rztlich verordneten Medikamente oder Therapien.<br><br>Ich bitte Dich um Terminvereinbarung unter mobil +49 (0) 172 667 35 04 oder <a href=\"javascript:mdcr('dolZbiibrnpkbabfocFlckfx','%3Fsubject%3DTerminvereinbarung')\">info(at)friedensquelle(dot)org<\/a>.<\/p>\n\n\n\n<p>Petra Maria Aldinger-Seifried<\/p>\n\n\n\n<hr class=\"wp-block-separator has-alpha-channel-opacity\"\/>\n\n\n\n<p><strong>Was sind die h\u00e4ufigsten Fragen zur Spiritualit\u00e4t?<\/strong><\/p>\n\n\n\n<p>Was verstehe ich unter Spiritualit\u00e4t?<\/p>\n\n\n\n<p>Meiner Meinung nach bedeutet Spiritualit\u00e4t, dass ich mit meinem Geist, einer tieferen Dimension meines Seins, in Ber\u00fchrung komme. Spiritualit\u00e4t beschreibt mein Verh\u00e4ltnis zur geistigen, noch nicht sichtbaren Welt, dem g\u00f6ttlichen Sein, dem Unendlichen, dem Formlosen, der Allverbundenheit und dem All-Einen. F\u00fcr mich ist es die geistige, energetische Ebene meines Seins.<\/p>\n\n\n\n<p>Was verstehe ich unter spiritueller Lebensberatung?<\/p>\n\n\n\n<p>Spirituelle Lebensberatung bedeutet f\u00fcr mich, dass ich dem Klienten die Bedeutsamkeit seiner inneren Stimme und ihre Wegweisung n\u00e4her bringe. Ich nenne es den Bewusstwerdungsprozess. Der Klient kann sich seiner Fremdbestimmung bewusst werden, diese Aufl\u00f6sen und in die Eigenverantwortung gehen:<\/p>\n\n\n\n<p>Ich werde mir bewusst, dass ich ernte, was ich s\u00e4e.<br>Ich lerne, wie ich meine mentalen F\u00e4higkeiten f\u00fcr mich, meine Gesundheit und mein Wohlergehen einsetze &#8211; zum Wohle aller.<br>Ich lerne, wie ich meiner inneren Stimme, meinem Bauchgef\u00fchl vertraue.<br>Ich lerne, wie ich an mich und an meine F\u00e4higkeiten glaube.<br>Ich finde meine Lebensaufgabe und lasse mich leiten.<\/p>\n\n\n\n<p>Was bedeutet es f\u00fcr mich, spirituell zu sein?<\/p>\n\n\n\n<p>Ich erkenne die Kraft meines eigenen Geistes und meine mentalen F\u00e4higkeiten und setze sie bewusst f\u00fcr mein Wohl und das Wohl der anderen ein.<\/p>\n\n\n\n<p>Woran merke ich, dass ich spirituell bin?<\/p>\n\n\n\n<p>Ich merke, dass ich spirituell bin, wenn ich mir und meinem Tun vertraue, meinem Weg folge und mich von anderen nicht beirren oder in Zweifel bringen lasse. Ich \u00fcbernehme die Verantwortung f\u00fcr meine Gedanken, meine Worte und mein Handeln. Ich akzeptiere, was ist. Frei von Wertungen und Urteilen.<\/p>\n\n\n\n<p>Was verstehe ich unter spirituellem Erwachen?<\/p>\n\n\n\n<p>Ich nehme meine Erfahrungen bewusst wahr.<br>Ich erkenne die Zusammenh\u00e4nge in meinem Leben, z.B. zwischen meinen Gedanken und Ereignissen.<br>Ich kann mein Leben mit meinen Gedanken, Worten und Gef\u00fchlen gestalten.<br>Ich \u00f6ffne mein Herz f\u00fcr die Liebe und ich handel aus meinem Herzen. Nicht aus dem Verstand.<\/p>\n","protected":false},"excerpt":{"rendered":"<p>Begleiten Deines Entwicklungsprozesses durch: Ich, Maria, biete Dir energetische Heilsitzungen an. Ich habe Heilerausbildungen bei folgenden Heilerinnen und Institutionen mit Erfolg absolviert: Bei der Heilarbeit bin ich lediglich Kanal f\u00fcr die Heil-Energien. Ich verbinde mich mit dieser Heil-Energie und lasse sie in den K\u00f6rper des Klienten flie\u00dfen. Ich bekomme alle Informationen, die f\u00fcr die Energiearbeit [&hellip;]<\/p>\n","protected":false},"author":1,"featured_media":0,"parent":0,"menu_order":12,"comment_status":"closed","ping_status":"closed","template":"","meta":{"footnotes":""},"class_list":["post-203","page","type-page","status-publish","hentry","post"],"_links":{"self":[{"href":"https:\/\/friedensquelle.org\/cms\/index.php\/wp-json\/wp\/v2\/pages\/203","targetHints":{"allow":["GET"]}}],"collection":[{"href":"https:\/\/friedensquelle.org\/cms\/index.php\/wp-json\/wp\/v2\/pages"}],"about":[{"href":"https:\/\/friedensquelle.org\/cms\/index.php\/wp-json\/wp\/v2\/types\/page"}],"author":[{"embeddable":true,"href":"https:\/\/friedensquelle.org\/cms\/index.php\/wp-json\/wp\/v2\/users\/1"}],"replies":[{"embeddable":true,"href":"https:\/\/friedensquelle.org\/cms\/index.php\/wp-json\/wp\/v2\/comments?post=203"}],"version-history":[{"count":6,"href":"https:\/\/friedensquelle.org\/cms\/index.php\/wp-json\/wp\/v2\/pages\/203\/revisions"}],"predecessor-version":[{"id":866,"href":"https:\/\/friedensquelle.org\/cms\/index.php\/wp-json\/wp\/v2\/pages\/203\/revisions\/866"}],"wp:attachment":[{"href":"https:\/\/friedensquelle.org\/cms\/index.php\/wp-json\/wp\/v2\/media?parent=203"}],"curies":[{"name":"wp","href":"https:\/\/api.w.org\/{rel}","templated":true}]}}