{"id":123,"date":"2022-08-06T17:08:59","date_gmt":"2022-08-06T15:08:59","guid":{"rendered":"https:\/\/friedensquelle.org\/cms\/?page_id=123"},"modified":"2025-04-08T10:30:09","modified_gmt":"2025-04-08T08:30:09","slug":"fuerdich","status":"publish","type":"page","link":"https:\/\/friedensquelle.org\/cms\/index.php\/fuerdich\/","title":{"rendered":"F\u00fcr Dich"},"content":{"rendered":"\n<p><br>Wie wundervoll, dass Deine Seele Dich hierher gef\u00fchrt hat. Auf dieser Seite reiche ich Dir Gebete, Videos und Bilder, die Dich auf Deinem Lebensweg begleiten und st\u00e4rken m\u00f6gen.<br><br>Wenn Du Fragen oder R\u00fcckmeldungen hast, freue ich mich von Dir zu lesen oder zu h\u00f6ren. <br><br>Herzliche Gr\u00fc\u00dfe,<br><br><em>Petra Maria <\/em><br><br><br>Meine <a href=\"https:\/\/soundcloud.com\/user-719772808\/sets\" data-type=\"URL\" data-id=\"https:\/\/soundcloud.com\/user-719772808\/sets\" target=\"_blank\" rel=\"noreferrer noopener\">Gebets-CD<\/a> bei Soundcloud.<\/p>\n\n\n\n<figure class=\"wp-block-embed is-type-rich is-provider-soundcloud wp-block-embed-soundcloud wp-embed-aspect-4-3 wp-has-aspect-ratio\"><div class=\"wp-block-embed__wrapper\">\n<iframe loading=\"lazy\" title=\"Friedensquelle\" width=\"720\" height=\"450\" scrolling=\"no\" frameborder=\"no\" src=\"https:\/\/w.soundcloud.com\/player\/?visual=true&#038;url=https%3A%2F%2Fapi.soundcloud.com%2Fusers%2F1187417821&#038;show_artwork=true&#038;maxheight=1000&#038;maxwidth=720\"><\/iframe>\n<\/div><\/figure>\n\n\n\n<p><br><br><strong>Gebet f\u00fcr Segen, Kraft, Dankbarkeit und Heilung:<\/strong><br>Ich freue mich hier auf der Webiste der Friedensquelle mit der freundlichen Erlaubnis von Bernhard Hock (Heilpraktiker) das folgende Gebet mit Dir teilen zu d\u00fcrfen: <br>M\u00f6ge es Dir und Deine Seele gut tun.<\/p>\n\n\n\n<p><strong>Gebet<\/strong><br><em>In Gott lebe ich, bewege ich mich und habe ich mein Sein. Gott lebt, bewegt sich und hat sein Sein in mir.&nbsp;<\/em><\/p>\n\n\n\n<p><em>Ich strahle Liebe, Harmonie, Frieden und Wohlwollen auf meine ganze Umgebung, auf alle Menschen, auf alle Tiere, auf alle Pflanzen \u00fcberall auf der Welt aus.<\/em><\/p>\n\n\n\n<p><em>Gottes Liebe heilt mich und durchdringt meinen K\u00f6rper, meinen Geist und meine Seele,&nbsp;<\/em><\/p>\n\n\n\n<p><em>Ich sp\u00fcre und wei\u00df, dass Gottes Liebe und ewige Wachsamkeit mich, meine Freunde, meine Feinde, alle Lebenden und Verstorbenen meiner Familie, besonders jedoch meiner Mutter und meinen Vater und alle anderen Menschen f\u00fchrt, heilt und besch\u00fctzt.<\/em><\/p>\n\n\n\n<p><em>Ich verzeihe allen und jedem, ich strahle in aller Aufrichtigkeit Gottes Liebe und Wohlwollen auf alle Menschen aus.<\/em><\/p>\n\n\n\n<p><em>Im Mittelpunkt meines Seins ist Frieden, dies ist der Frieden Gottes. In der Stille sp\u00fcre ich seine Kraft, seine F\u00fchrung und die Liebe seiner g\u00f6ttlichen Gegenwart.<\/em><\/p>\n\n\n\n<p><em>Auf all meinen Wegen werde ich g\u00f6ttlich gef\u00fchrt. Ich bin ein klarer Kanal f\u00fcr Gottes Liebe, Licht, Wahrheit und Sch\u00f6nheit.<\/em><\/p>\n\n\n\n<p><em>Ich sp\u00fcre, wie sein Strom der Liebe und des Friedens mich durchflie\u00dft. Ich wei\u00df, dass sich all meine Probleme im Gem\u00fct Gottes aufl\u00f6sen. Gottes Wege sind meine Wege, alle Worte, die ich gesprochen habe und noch spreche, vollbringen das, wozu sie gesandt sind. Ich freue mich und sage Dank in dem Wissen, dass all meine Gebete und W\u00fcnsche bereits erf\u00fcllt sind. Und so ist es.<\/em><\/p>\n\n\n\n<p><em>Gott ist meine sofortige, meine unmittelbare Versorgung. Er erf\u00fcllt all meine W\u00fcnsche auf der Stelle und ich sage Dank, dass Gottes Reichtum und F\u00fclle in meinem Leben zirkuliert und noch gen\u00fcgend g\u00f6ttlicher \u00dcberfluss vorhanden ist.<\/em><\/p>\n\n\n\n<p><em>Engel, Ihr Diener Gottes, Ihr g\u00f6ttlichen Str\u00f6me der Liebe im All, ich und mein Bewusstsein, wir \u00f6ffnen uns f\u00fcr Eure Gebete.<\/em><\/p>\n\n\n\n<p><em>Seele \u00f6ffne Dich, atme in Gott. Herr Du bist mein Schutz und meine Hilfe. Du h\u00e4ltst mich mit deiner m\u00e4chtigen Hand, deine Antwort auf meine Gebete macht mich stark.<\/em><\/p>\n\n\n\n<p><em>Durch Gottes unendliche Liebe und G\u00fcte erhalte ich und alle anderen Menschen bedeutend mehr an k\u00f6rperlich geistiger und seelischer Gesundheit, an innerer und \u00e4u\u00dferer Zufriedenheit sowie an innerem und \u00e4u\u00dferem Reichtum, als wir uns w\u00fcnschen. Amen<\/em><\/p>\n\n\n\n<p>Autor Burkhard Hock, Heilpraktiker<br>Gesundheits- und Bildungszentrum am K\u00f6nigssee<br><a href=\"http:\/\/www.gbzk.de\" data-type=\"URL\" data-id=\"www.gbzk.de\" target=\"_blank\" rel=\"noreferrer noopener\">www.gbzk.de<\/a><\/p>\n\n\n\n<p><\/p>\n\n\n\n<br><br><div class=\"lyte-wrapper\" title=\"Willkommen in der Friedensquelle von Maria Seifried\" style=\"width:853px;max-width:100%;margin:5px;\"><div class=\"lyMe hidef\" id=\"WYL_NN2lZN_oeBg\"><div id=\"lyte_NN2lZN_oeBg\" data-src=\"https:\/\/friedensquelle.org\/cms\/wp-content\/plugins\/wp-youtube-lyte\/lyteCache.php?origThumbUrl=https%3A%2F%2Fi.ytimg.com%2Fvi%2FNN2lZN_oeBg%2Fmaxresdefault.jpg\" class=\"pL\"><div class=\"tC\"><div class=\"tT\">Willkommen in der Friedensquelle von Maria Seifried<\/div><\/div><div class=\"play\"><\/div><div class=\"ctrl\"><div class=\"Lctrl\"><\/div><div class=\"Rctrl\"><\/div><\/div><\/div><noscript><a href=\"https:\/\/youtu.be\/NN2lZN_oeBg\" rel=\"nofollow\"><img loading=\"lazy\" decoding=\"async\" src=\"https:\/\/friedensquelle.org\/cms\/wp-content\/plugins\/wp-youtube-lyte\/lyteCache.php?origThumbUrl=https%3A%2F%2Fi.ytimg.com%2Fvi%2FNN2lZN_oeBg%2F0.jpg\" alt=\"Willkommen in der Friedensquelle von Maria Seifried\" width=\"853\" height=\"460\" \/><\/a><\/noscript><\/div><\/div><div class=\"lL\" style=\"max-width:100%;width:853px;margin:5px;\"> <a href=\"https:\/\/youtu.be\/NN2lZN_oeBg\" target=\"_blank\">Dieses Video auf YouTube ansehen<\/a>.<\/div><br><br>\n\n\n\n<div class=\"lyte-wrapper\" title=\"Friedensquelle: Herz-Meditation (10 Min.) &amp;amp; Einf&uuml;hrung (3 Min.)\" style=\"width:853px;max-width:100%;margin:5px;\"><div class=\"lyMe hidef\" id=\"WYL_7FqmE6Z4Vbg\"><div id=\"lyte_7FqmE6Z4Vbg\" data-src=\"https:\/\/friedensquelle.org\/cms\/wp-content\/plugins\/wp-youtube-lyte\/lyteCache.php?origThumbUrl=https%3A%2F%2Fi.ytimg.com%2Fvi%2F7FqmE6Z4Vbg%2Fhqdefault.jpg\" class=\"pL\"><div class=\"tC\"><div class=\"tT\">Friedensquelle: Herz-Meditation (10 Min.) &amp; Einf\u00fchrung (3 Min.)<\/div><\/div><div class=\"play\"><\/div><div class=\"ctrl\"><div class=\"Lctrl\"><\/div><div class=\"Rctrl\"><\/div><\/div><\/div><noscript><a href=\"https:\/\/youtu.be\/7FqmE6Z4Vbg\" rel=\"nofollow\"><img loading=\"lazy\" decoding=\"async\" src=\"https:\/\/friedensquelle.org\/cms\/wp-content\/plugins\/wp-youtube-lyte\/lyteCache.php?origThumbUrl=https%3A%2F%2Fi.ytimg.com%2Fvi%2F7FqmE6Z4Vbg%2F0.jpg\" alt=\"Friedensquelle: Herz-Meditation (10 Min.) &amp;amp; Einf&uuml;hrung (3 Min.)\" width=\"853\" height=\"460\" \/><\/a><\/noscript><\/div><\/div><div class=\"lL\" style=\"max-width:100%;width:853px;margin:5px;\"> <a href=\"https:\/\/youtu.be\/7FqmE6Z4Vbg\" target=\"_blank\">Dieses Video auf YouTube ansehen<\/a>.<\/div><br><br>\n\n\n<div class=\"lyte-wrapper\" title=\"Tiere o\u0308ffnen unser Herz #Tiervideo #Hund #Herz\" style=\"width:853px;max-width:100%;margin:5px;\"><div class=\"lyMe hidef\" id=\"WYL_DM7lF9hLO4c\"><div id=\"lyte_DM7lF9hLO4c\" data-src=\"https:\/\/friedensquelle.org\/cms\/wp-content\/plugins\/wp-youtube-lyte\/lyteCache.php?origThumbUrl=https%3A%2F%2Fi.ytimg.com%2Fvi%2FDM7lF9hLO4c%2Fmaxresdefault.jpg\" class=\"pL\"><div class=\"tC\"><div class=\"tT\">Tiere o\u0308ffnen unser Herz #Tiervideo #Hund #Herz<\/div><\/div><div class=\"play\"><\/div><div class=\"ctrl\"><div class=\"Lctrl\"><\/div><div class=\"Rctrl\"><\/div><\/div><\/div><noscript><a href=\"https:\/\/youtu.be\/DM7lF9hLO4c\" rel=\"nofollow\"><img loading=\"lazy\" decoding=\"async\" src=\"https:\/\/friedensquelle.org\/cms\/wp-content\/plugins\/wp-youtube-lyte\/lyteCache.php?origThumbUrl=https%3A%2F%2Fi.ytimg.com%2Fvi%2FDM7lF9hLO4c%2F0.jpg\" alt=\"Tiere o\u0308ffnen unser Herz #Tiervideo #Hund #Herz\" width=\"853\" height=\"460\" \/><\/a><\/noscript><\/div><\/div><div class=\"lL\" style=\"max-width:100%;width:853px;margin:5px;\"> <a href=\"https:\/\/youtu.be\/DM7lF9hLO4c\" target=\"_blank\">Dieses Video auf YouTube ansehen<\/a>.<\/div><\/p>\n\n\n<p><br><\/p>\n\n\n<div\n\t\t\t\n\t\t\tclass=\"so-widget-sow-image-grid so-widget-sow-image-grid-default-0d1da0070fc5\"\n\t\t\t\n\t\t>\t<div\n\t\tclass=\"sow-image-grid-wrapper\"\n\t\tdata-max-width=\"348\"\t\tdata-max-height=\"348\"\t>\n\t\t\t\t\t<div class=\"sow-image-grid-image\">\n\t\t\t\t\t\t\t\t\t\t\t\t<img loading=\"lazy\" decoding=\"async\" width=\"348\" height=\"261\" src=\"https:\/\/friedensquelle.org\/cms\/wp-content\/uploads\/2022\/08\/Elefant\u00a9Friedensquelle.jpeg\" class=\"sow-image-grid-image_html\" alt=\"\" title=\"\" srcset=\"https:\/\/friedensquelle.org\/cms\/wp-content\/uploads\/2022\/08\/Elefant\u00a9Friedensquelle.jpeg 1200w, https:\/\/friedensquelle.org\/cms\/wp-content\/uploads\/2022\/08\/Elefant\u00a9Friedensquelle-300x225.jpeg 300w, https:\/\/friedensquelle.org\/cms\/wp-content\/uploads\/2022\/08\/Elefant\u00a9Friedensquelle-1024x768.jpeg 1024w, https:\/\/friedensquelle.org\/cms\/wp-content\/uploads\/2022\/08\/Elefant\u00a9Friedensquelle-768x576.jpeg 768w\" sizes=\"auto, (max-width: 348px) 100vw, 348px\" \/>\t\t\t\t\t\t\t\t\t\t\t<\/div>\n\t\t\t<\/div>\n<\/div>","protected":false},"excerpt":{"rendered":"<p>Wie wundervoll, dass Deine Seele Dich hierher gef\u00fchrt hat. Auf dieser Seite reiche ich Dir Gebete, Videos und Bilder, die Dich auf Deinem Lebensweg begleiten und st\u00e4rken m\u00f6gen. Wenn Du Fragen oder R\u00fcckmeldungen hast, freue ich mich von Dir zu lesen oder zu h\u00f6ren. Herzliche Gr\u00fc\u00dfe, Petra Maria Meine Gebets-CD bei Soundcloud. Gebet f\u00fcr Segen, [&hellip;]<\/p>\n","protected":false},"author":1,"featured_media":0,"parent":0,"menu_order":14,"comment_status":"closed","ping_status":"closed","template":"","meta":{"footnotes":""},"class_list":["post-123","page","type-page","status-publish","hentry","post"],"_links":{"self":[{"href":"https:\/\/friedensquelle.org\/cms\/index.php\/wp-json\/wp\/v2\/pages\/123","targetHints":{"allow":["GET"]}}],"collection":[{"href":"https:\/\/friedensquelle.org\/cms\/index.php\/wp-json\/wp\/v2\/pages"}],"about":[{"href":"https:\/\/friedensquelle.org\/cms\/index.php\/wp-json\/wp\/v2\/types\/page"}],"author":[{"embeddable":true,"href":"https:\/\/friedensquelle.org\/cms\/index.php\/wp-json\/wp\/v2\/users\/1"}],"replies":[{"embeddable":true,"href":"https:\/\/friedensquelle.org\/cms\/index.php\/wp-json\/wp\/v2\/comments?post=123"}],"version-history":[{"count":90,"href":"https:\/\/friedensquelle.org\/cms\/index.php\/wp-json\/wp\/v2\/pages\/123\/revisions"}],"predecessor-version":[{"id":869,"href":"https:\/\/friedensquelle.org\/cms\/index.php\/wp-json\/wp\/v2\/pages\/123\/revisions\/869"}],"wp:attachment":[{"href":"https:\/\/friedensquelle.org\/cms\/index.php\/wp-json\/wp\/v2\/media?parent=123"}],"curies":[{"name":"wp","href":"https:\/\/api.w.org\/{rel}","templated":true}]}}